 the hundred thousands digit of 1294666244?
6
What is the millions digit of 74826809?
4
What is the thousands digit of 800954643?
4
What is the tens digit of 74369889?
8
What is the billions digit of 2591209215?
2
What is the hundreds digit of 55355677?
6
What is the hundreds digit of 213589852?
8
What is the millions digit of 293247893?
3
What is the units digit of 2482340550?
0
What is the units digit of 19612659?
9
What is the ten thousands digit of 101942913?
4
What is the thousands digit of 136455147?
5
What is the millions digit of 929291521?
9
What is the ten millions digit of 62149963?
6
What is the hundred millions digit of 103598361?
1
What is the ten millions digit of 4766960348?
6
What is the hundred millions digit of 5345029078?
3
What is the tens digit of 1257266210?
1
What is the billions digit of 1772337414?
1
What is the hundred millions digit of 654035182?
6
What is the hundreds digit of 1353880767?
7
What is the ten millions digit of 134922201?
3
What is the millions digit of 408856073?
8
What is the hundred thousands digit of 2012051?
0
What is the ten millions digit of 701955728?
0
What is the hundreds digit of 117758291?
2
What is the millions digit of 10448738?
0
What is the millions digit of 145359053?
5
What is the ten thousands digit of 483714247?
1
What is the hundreds digit of 2748359143?
1
What is the units digit of 2834507681?
1
What is the ten thousands digit of 228820865?
2
What is the hundreds digit of 258914891?
8
What is the hundreds digit of 54505148?
1
What is the units digit of 16551016?
6
What is the ten thousands digit of 93526398?
2
What is the hundred thousands digit of 948025084?
0
What is the units digit of 191701048?
8
What is the hundreds digit of 84393507?
5
What is the billions digit of 2722949459?
2
What is the ten thousands digit of 366906676?
0
What is the units digit of 30155133?
3
What is the hundreds digit of 43373039?
0
What is the ten millions digit of 4770816000?
7
What is the millions digit of 7847036034?
7
What is the ten thousands digit of 66134654?
3
What is the hundreds digit of 85006629?
6
What is the units digit of 43919765?
5
What is the units digit of 850052?
2
What is the thousands digit of 34737917?
7
What is the millions digit of 1968146734?
8
What is the ten millions digit of 1407297965?
0
What is the thousands digit of 5310357?
0
What is the millions digit of 322981637?
2
What is the thousands digit of 74472094?
2
What is the thousands digit of 42242375?
2
What is the units digit of 4894893485?
5
What is the ten thousands digit of 497182915?
8
What is the ten millions digit of 710328723?
1
What is the ten millions digit of 46894256?
4
What is the hundreds digit of 20618567?
5
What is the hundreds digit of 7787213212?
2
What is the hundred millions digit of 410859827?
4
What is the tens digit of 16055784?
8
What is the units digit of 1249668718?
8
What is the hundred millions digit of 198622286?
1
What is the thousands digit of 36705963?
5
What is the ten thousands digit of 55287686?
8
What is the ten thousands digit of 5912876117?
7
What is the hundreds digit of 181404216?
2
What is the tens digit of 50340773?
7
What is the millions digit of 148952465?
8
What is the ten thousands digit of 559549070?
4
What is the units digit of 45196111?
1
What is the ten millions digit of 3006045976?
0
What is the ten millions digit of 45850509?
4
What is the ten thousands digit of 10639572?
3
What is the millions digit of 41896134?
1
What is the hundred millions digit of 133269241?
1
What is the hundreds digit of 56675299?
2
What is the hundred millions digit of 3126899710?
1
What is the hundred thousands digit of 1424252171?
2
What is the hundreds digit of 76020635?
6
What is the units digit of 3471735505?
5
What is the hundred thousands digit of 1376642848?
6
What is the thousands digit of 6622617237?
7
What is the tens digit of 192363878?
7
What is the hundreds digit of 526746797?
7
What is the hundred thousands digit of 607130503?
1
What is the hundreds digit of 123907223?
2
What is the ten thousands digit of 535535115?
3
What is the units digit of 176593968?
8
What is the hundreds digit of 156925174?
1
What is the ten millions digit of 2079833347?
7
What is the millions digit of 378093061?
8
What is the hundred millions digit of 4957767427?
9
What is the millions digit of 1263265460?
3
What is the tens digit of 2550988992?
9
What is the hundred thousands digit of 1440760398?
7
What is the ten millions digit of 289399337?
8
What is the tens digit of 1213048957?
5
What is the units digit of 19812604?
4
What is the tens digit of 1739752520?
2
What is the millions digit of 1007638885?
7
What is the ten millions digit of 120463497?
2
What is the tens digit of 1366293441?
4
What is the hundreds digit of 69222366?
3
What is the hundreds digit of 73087912?
9
What is the hundreds digit of 243517990?
9
What is the hundred millions digit of 4963751792?
9
What is the millions digit of 41257274?
1
What is the tens digit of 79748990?
9
What is the hundreds digit of 1535609721?
7
What is the ten thousands digit of 4247435342?
3
What is the tens digit of 647138013?
1
What is the ten millions digit of 1868801389?
6
What is the hundred thousands digit of 66752464?
7
What is the hundreds digit of 158837002?
0
What is the units digit of 69212081?
1
What is the hundred thousands digit of 6725460712?
4
What is the ten millions digit of 47884616?
4
What is the hundred thousands digit of 95122640?
1
What is the tens digit of 231794562?
6
What is the ten millions digit of 47489745?
4
What is the tens digit of 44128416?
1
What is the ten millions digit of 834092280?
3
What is the hundred thousands digit of 2299921406?
9
What is the units digit of 72102749?
9
What is the ten thousands digit of 52441352?
4
What is the ten millions digit of 4922788139?
2
What is the millions digit of 1336888044?
6
What is the hundreds digit of 644246459?
4
What is the millions digit of 244203740?
4
What is the units digit of 2285603928?
8
What is the hundreds digit of 5560829?
8
What is the millions digit of 10357110?
0
What is the hundred thousands digit of 282369592?
3
What is the thousands digit of 36001210?
1
What is the ten millions digit of 400076176?
0
What is the hundred thousands digit of 4635932943?
9
What is the tens digit of 107529698?
9
What is the tens digit of 166660758?
5
What is the thousands digit of 51378013?
8
What is the ten millions digit of 78330085?
7
What is the hundreds digit of 50594401?
4
What is the hundred thousands digit of 2589901266?
9
What is the millions digit of 48811569?
8
What is the hundreds digit of 2030702513?
5
What is the hundred millions digit of 1204751181?
2
What is the ten thousands digit of 21351724?
5
What is the thousands digit of 767149600?
9
What is the hundred thousands digit of 19281195?
2
What is the hundred thousands digit of 77643753?
6
What is the hundreds digit of 1278652428?
4
What is the millions digit of 7963020917?
3
What is the hundreds digit of 16298601?
6
What is the millions digit of 420956167?
0
What is the thousands digit of 833539563?
9
What is the ten millions digit of 21188294?
2
What is the ten thousands digit of 168641781?
4
What is the millions digit of 101180306?
1
What is the millions digit of 74725825?
4
What is the units digit of 15120039?
9
What is the millions digit of 1074242160?
4
What is the hundred millions digit of 1949388727?
9
What is the tens digit of 297503400?
0
What is the hundred millions digit of 207302318?
2
What is the millions digit of 67237621?
7
What is the thousands digit of 37068308?
8
What is the thousands digit of 144910420?
0
What is the tens digit of 1755354269?
6
What is the ten thousands digit of 518923594?
2
What is the ten thousands digit of 1470787037?
8
What is the billions digit of 2580333064?
2
What is the units digit of 1005075458?
8
What is the units digit of 49790733?
3
What is the thousands digit of 253641251?
1
What is the thousands digit of 274463476?
3
What is the ten millions digit of 28433281?
2
What is the hundred thousands digit of 249311200?
3
What is the ten thousands digit of 32181804?
8
What is the billions digit of 1490243657?
1
What is the ten millions digit of 1152827220?
5
What is the thousands